remainder when u is divided by 16.
12
Let r = 182 + -303. Let v = -21 - r. Let q = 129 - v. What is the remainder when 86 is divided by q?
28
Let l be 0 + (6 + 0 - -4). Suppose c - 616 = -l*c. What is the remainder when (-14 - (-8 + -5))/((-1)/109) is divided by c?
53
Suppose 94 = t + 2*g, 40*t - 37*t - 4*g = 342. Let u be 3/(9/(-6) - -1). Calculate the remainder when t is divided by (u/5)/((-5)/75).
16
Suppose -719*d + 748*d - 1363 = 0. What is the remainder when 2114 is divided by d?
46
Let a(d) = -2*d**3 - 6*d**2 - 15*d - 13. Let n be a(-4). Suppose 0 = -n*v + 89*v - 3980. Calculate the remainder when v is divided by 19.
18
Let m(q) = 5*q**3 + 7*q**2 + 10*q + 11. Let p be m(-5). Let z = 514 + p. Calculate the remainder when z is divided by 7.
4
Let r(i) = i**3 + 33*i**2 - 54*i - 74. What is the remainder when r(-34) is divided by 32?
30
Let r(u) = 2*u**3 + 118*u**2 + 120*u + 315. What is the remainder when r(-58) is divided by 27?
2
Let o = 14222 + -13512. Calculate the remainder when o is divided by 138.
20
Suppose -17*h + 13*h = -8. Let b be 8/((2/5*h)/2). Suppose 0 = -2*v + 12 + b. Calculate the remainder when v is divided by 3.
1
Let g = -9436 + 9484. What is the remainder when 226 is divided by g?
34
Suppose 2*l + 55 = k, 31 = 5*k + l - 222. Calculate the remainder when 232/(-10)*(6 - k/6) is divided by (1/(-6))/(1/(-102)).
7
Let n(b) = 0*b**2 + 86 + 23*b + 3*b**2 - 6 + 14*b - 19*b. What is the remainder when n(-6) is divided by 29?
22
Let s(l) = -15*l**2 - 23*l - 1. Let z(d) = d**2 - d - 3. Let c(r) = -s(r) + 4*z(r). Let v = -2 + 38. What is the remainder when c(2) is divided by v?
31
Suppose 3*f + 4*d - 72 = 3*d, -f + 31 = -2*d. Suppose -f*s + 301 = 26. What is the remainder when s is divided by 9?
2
Let x be (8/(-5))/((-6)/(-30)). Let c be x/(-16) + 74/4. Suppose c = g - d - 3*d, -77 = -2*g - 5*d. What is the remainder when g is divided by 9?
4
Suppose 1261 = 5*m - 1639. Suppose -m = -17*s + 287. What is the remainder when s is divided by 43?
8
Suppose 42*l - 3278 = 27970. Let c = 760 - l. Calculate the remainder when 51 is divided by c.
3
Let z(n) = 4 + 22*n - 15 + 5*n**2 - 10 - 14 + 3*n**2. Calculate the remainder when z(4) is divided by 66.
49
Suppose -25*c = -22*c + 9. Let m be 5/(2/78*c). Let g = m + 94. What is the remainder when g is divided by 5?
4
Let m(a) = 304*a - 4. Let z be m(1). Let f = 134 - 79. Suppose f*q + z = 58*q. What is the remainder when q is divided by 21?
16
What is the remainder when 1665 is divided by 8*(-2050)/(-80) - -4?
202
Suppose -87 - 21 = -3*j - 4*n, -3*n - 209 = -5*j. Suppose -7*w = -j - 170. Let z = 35 + 22. Calculate the remainder when z is divided by w.
27
Let r(m) = -5*m + 8. Let g be (-7)/((-35)/(-15)) + 152. Suppose 0 = -i + g - 14. What is the remainder when i is divided by r(-3)?
20
Let d(z) = -z**3 - 31*z**2 - 39*z - 72. What is the remainder when d(-30) is divided by 8?
6
Let t(i) = -3*i**2 - 61*i + 63. What is the remainder when 291 is divided by t(-21)?
18
Suppose 24*f - 23*f - 5 = 0. Suppose -f*w + 11 = 1. Calculate the remainder when 66 is divided by 2324/98 + w/7.
18
Suppose -s = -2*q + 10, q - 6*s = -10*s + 5. Suppose -5*x = q*p - 225, 5*x - 179 = x - 5*p. Calculate the remainder when 89 is divided by x.
43
Suppose 480 = -156*b + 157*b. What is the remainder when -1 + b + (-120)/20 is divided by 68?
65
Let d = 13874 - 13713. Calculate the remainder when d is divided by 123.
38
Let q = -104 + 68. Let p = -92 + q. Let y = -93 - p. What is the remainder when y is divided by 11?
2
Suppose 0 = -2*j - j + 66. Let o = 192 + -89. Let m = -91 + o. What is the remainder when j is divided by m?
10
Suppose 309 - 260 = -7*h. Calculate the remainder when 98 is divided by (h - (-308)/(-4))/(-2).
14
Suppose -3*r - 2*f - f + 123 = 0, 0 = 4*r - 5*f - 209. Suppose 47*n - r*n - 18 = 0. Calculate the remainder when 88 is divided by n.
16
Let s(n) be the first derivative of 12 + 20*n + 1/2*n**2. Calculate the remainder when 49 is divided by s(-3).
15
Suppose 3*d = 4*c + 225, 6*d + 18*c = 14*c + 378. What is the remainder when 130 is divided by d?
63
Calculate the remainder when (-34)/((-1256)/(-90) - 8 - 6) is divided by 96.
93
Suppose -18791 = -186*h + 43519. What is the remainder when 382 is divided by h?
47
Suppose 0 = -16*n - 711 + 3349 + 3650. Calculate the remainder when n is divided by 60.
33
Let q(m) = -2*m - 9. Let s be q(-5). Suppose s - 5 = -2*f + 5*h, 4*f - 8 = h. Suppose -15 = f*w - 45. Calculate the remainder when 57 is divided by w.
12
What is the remainder when 46275/25*5/15 is divided by 87?
8
Let x(b) = -b**3 - 27*b**2 - 2*b - 53. Let m be x(-27). Calculate the remainder when 56 is divided by -4 + m + 0 + 22.
18
Let k = -57761 + 57922. Calculate the remainder when k is divided by -1 + 0 + 6 + -1.
1
Suppose -12*h + 12 = -10*h. Suppose h*c - 570 = -144. Suppose 89 = 6*r - 19. What is the remainder when c is divided by r?
17
Suppose 9*h - 45*h - 39 + 579 = 0. What is the remainder when 1675 is divided by h?
10
What is the remainder when 1133 is divided by ((180/25)/2)/(8 - 556/70)?
62
Let b(k) = -k**2 + 87*k - 1607. What is the remainder when b(52) is divided by 22?
15
Calculate the remainder when (1/(-2))/(5/(-4)) - (-1250571)/1085 is divided by 7.
5
Let z = -298204 - -298239. Let t(h) = 2*h**3 - 10*h**2 + 6*h + 8. What is the remainder when t(6) is divided by z?
11
Let q(f) = 2*f**2 - 5*f + 4. Let j be q(-4). Let r = j - 33. What is the remainder when (-13)/(-13) - (-88)/2 is divided by r?
22
Calculate the remainder when 167 is divided by 40 - (19 - 7) - -12.
7
Calculate the remainder when 4391 is divided by 48/(-18)*(2 - (105/10 - -5)).
35
Suppose -4*b = -3*f + 297, 225*f - 226*f - 5*b + 80 = 0. Calculate the remainder when 1091 is divided by f.
46
Suppose 0 = -4*k + 1 + 47. What is the remainder when 11/(-33)*k/(-10)*85 is divided by 7?
6
Let z(s) = -s - 4. Let n be z(-5). Let j be 1/(-1) + n + 11. Let i = j - 4. Calculate the remainder when 20 is divided by i.
6
Suppose 3*h - 1671 = -8*b + 3*b, 2*b - 1671 = -3*h. Calculate the remainder when h is divided by 132.
29
Calculate the remainder when 1631 is divided by (60/(-24))/(10/(-152)).
35
Suppose -3*g - 3*z - 879 = 0, g - z + 3*z = -291. Let r = 333 + g. Calculate the remainder when r is divided by 21.
17
Let k = -364 - -377. Suppose -h = k - 12, -4*o - 4*h = -60. What is the remainder when o is divided by 2?
0
Suppose 8 = -19*v + 21*v, 0 = -4*o - 3*v + 436. What is the remainder when o is divided by 15/4*(-80)/(-12)?
6
Let i = 243 + -222. Suppose -5*y = -8*y. Suppose 5*g = y, u - 5*g - 46 = 16. What is the remainder when u is divided by i?
20
Suppose 0 = v - 3*v + 30. Suppose -2*b + 18 = -5*t + 71, -2*t - 5*b = -56. Calculate the remainder when v is divided by t.
2
Let t(y) = 5*y**2 + 9*y + 14. Let f = -208 - -206. Calculate the remainder when 93 is divided by t(f).
13
Suppose -6*s = -73 + 25. Calculate the remainder when 2/s - 2010/(-120) is divided by 9.
8
Let a = 6025 + -5738. What is the remainder when a is divided by 61?
43
Let s(y) = -y + 1. Let k(p) = -p + 1. Let t(n) = 6*k(n) - 5*s(n). Let m be t(2). Calculate the remainder when 23 is divided by (m/((-3)/(-9)))/((-27)/72).
7
Suppose 5*d - 261 = -4*u, 8*u - 474 = 2*d + 84. Calculate the remainder when 894 is divided by u.
66
Let m = 7180 - 7008. Calculate the remainder when m is divided by 169.
3
Let v be -3 + 4 + 3 - (93 - -2). What is the remainder when (24 + -21)/((-1)/v) is divided by 47?
38
Let g(x) = -x**2 - 26*x + 11. Let k be 8 + (-7)/5 + (-24)/(-60). Suppose -2*l + k*l = i + 1, -i - 11 = -3*l. What is the remainder when 30 is divided by g(i)?
8
Suppose 108*q + 1143 = 13887. Calculate the remainder when q is divided by -12*((-4)/6 + -2).
22
Let m = 1030 + -937. Calculate the remainder when 529 is divided by m.
64
Suppose 16*d - 13*d - 816 = 0. Suppose -5*p + d = 22. What is the remainder when p is divided by 26?
24
Let w(x) = -2*x**3 + 10*x**2 - 10*x + 10. Let m be w(4). Suppose i - r + 0*r - 47 = 0, -m*i + 112 = 4*r. What is the remainder when i is divided by 13?
11
Suppose -5*y = -7*y - 8. Calculate the remainder when 138/7 - y/14 is divided by (10/15)/(309/(-36) + 9)*75/30.
0
Let x(m) = 8*m**2 + 639*m - 52. Calculate the remainder when x(10) is divided by 17.
1